isor of 18288 and 9648?
144
Calculate the greatest common factor of 558 and 537633.
279
Calculate the greatest common factor of 1259930 and 175.
35
What is the highest common divisor of 126 and 148638?
42
Calculate the greatest common factor of 3690 and 820.
410
What is the highest common factor of 52 and 180713?
13
Calculate the highest common divisor of 19600 and 1715.
245
Calculate the highest common factor of 3827 and 3053.
43
Calculate the greatest common factor of 80920 and 5600.
280
What is the greatest common divisor of 34590 and 270?
30
What is the greatest common divisor of 781 and 1353?
11
What is the greatest common factor of 4043 and 547982?
311
Calculate the greatest common divisor of 13590 and 3.
3
Calculate the highest common divisor of 65626 and 628.
314
What is the highest common divisor of 303338 and 21?
7
Calculate the highest common divisor of 83496 and 16401.
1491
What is the highest common divisor of 1191 and 556197?
1191
What is the highest common divisor of 91391 and 118?
59
What is the greatest common factor of 443 and 7416263?
443
What is the highest common factor of 23 and 63779?
23
Calculate the greatest common factor of 3304 and 995743.
413
Calculate the highest common divisor of 2050 and 2725.
25
Calculate the greatest common factor of 15466 and 361.
19
What is the highest common divisor of 1806 and 210?
42
What is the highest common factor of 2300 and 93380?
460
What is the greatest common divisor of 2596 and 286?
22
Calculate the greatest common factor of 3789 and 189.
9
Calculate the highest common divisor of 21535 and 1533.
73
What is the greatest common divisor of 12 and 94476?
12
What is the greatest common divisor of 26380 and 460?
20
Calculate the greatest common factor of 1960 and 10540.
20
What is the highest common factor of 349965 and 189?
63
What is the greatest common divisor of 3360 and 1410?
30
What is the greatest common divisor of 13940 and 119?
17
Calculate the greatest common factor of 427 and 133102.
61
What is the highest common divisor of 177960 and 120?
120
Calculate the greatest common factor of 444 and 192.
12
What is the greatest common divisor of 645 and 13610145?
645
What is the greatest common divisor of 5072087 and 934?
467
What is the highest common factor of 33532 and 415?
83
Calculate the greatest common divisor of 204 and 250461.
51
Calculate the highest common factor of 41311 and 4169.
379
Calculate the highest common factor of 1080 and 580.
20
Calculate the highest common factor of 319 and 52606.
29
Calculate the greatest common factor of 26 and 19435.
13
Calculate the highest common factor of 9 and 56709.
9
What is the highest common factor of 124 and 1240000?
124
What is the greatest common factor of 1284 and 175587?
321
What is the greatest common divisor of 243 and 18486954?
243
What is the highest common divisor of 583717 and 738?
41
Calculate the highest common factor of 302734 and 1073.
37
What is the greatest common divisor of 455 and 85155?
35
Calculate the greatest common factor of 726464 and 128.
64
Calculate the highest common divisor of 456760 and 2470.
190
Calculate the greatest common factor of 2724 and 36.
12
Calculate the highest common divisor of 1472 and 1380.
92
Calculate the greatest common factor of 10 and 388440.
10
What is the highest common divisor of 513 and 28500?
57
What is the highest common factor of 707 and 19291?
101
What is the highest common divisor of 80 and 73205?
5
What is the highest common factor of 31624 and 25488?
472
What is the highest common factor of 122 and 2724992?
122
Calculate the greatest common divisor of 192 and 124512.
96
What is the greatest common divisor of 135 and 904005?
45
Calculate the greatest common divisor of 30 and 54120.
30
Calculate the greatest common factor of 97132 and 3752.
28
Calculate the highest common divisor of 30 and 83110.
10
Calculate the greatest common factor of 49458 and 60.
6
Calculate the greatest common factor of 1240286 and 136.
34
Calculate the highest common factor of 30 and 499530.
30
Calculate the greatest common divisor of 10080 and 33740.
140
What is the greatest common divisor of 303 and 714171?
303
What is the highest common factor of 7020 and 225?
45
What is the highest common factor of 525 and 1038975?
525
Calculate the highest common factor of 35 and 179704.
7
Calculate the greatest common divisor of 35 and 371395.
5
What is the highest common divisor of 15 and 424245?
15
What is the highest common divisor of 17550 and 3050?
50
Calculate the greatest common factor of 759 and 831795.
69
Calculate the greatest common factor of 1853983 and 181.
181
What is the highest common divisor of 306 and 1132200?
306
What is the highest common divisor of 14938 and 88?
22
Calculate the greatest common divisor of 267292 and 836.
76
What is the greatest common divisor of 12 and 3166?
2
What is the greatest common divisor of 2250 and 25812?
18
What is the greatest common divisor of 56 and 266056?
56
What is the highest common factor of 84 and 272937?
21
What is the highest common divisor of 29 and 82650?
29
What is the highest common divisor of 23996 and 84?
28
What is the greatest common factor of 18 and 60777?
9
Calculate the highest common factor of 28385 and 455.
35
What is the highest common divisor of 37366 and 21038?
314
Calculate the greatest common factor of 120484 and 494.
26
What is the highest common divisor of 4224 and 154440?
264
Calculate the highest common divisor of 35685 and 33489.
549
Calculate the highest common divisor of 441 and 226989.
63
What is the greatest common factor of 434136 and 192?
24
What is the greatest common factor of 3200 and 98800?
400
What is the greatest common divisor of 1358 and 4354?
14
What is the highest common factor of 1600 and 736?
32
What is the highest common factor of 2698 and 13774?
142
Calculate the highest common divisor of 22191 and 117.
39
Calculate the greatest common factor of 57 and 45087.
57
What is the highest common divisor of 8740 and 15428?
76
Calculate the greatest common divisor of 68616 and 216.
72
What is the highest common factor of 126 and 28518?
42
What is the highest common divisor of 44 and 8723?
11
Calculate the greatest common divisor of 1441 and 9825.
131
Calculate the greatest common factor of 49 and 73094.
7
What is the greatest common factor of 15 and 12115?
5
Calculate the highest common divisor of 3880 and 1070.
10
What is the greatest common factor of 890 and 169634?
178
Calculate the greatest common divisor of 152 and 36670.
38
Calculate the highest common divisor of 59 and 514067.
59
Calculate the greatest common divisor of 68 and 23443.
17
Calculate the greatest common factor of 52604 and 4.
4
What is the greatest common factor of 26829 and 54742?
271
Calculate the greatest common divisor of 392 and 280574.
98
What is the greatest common factor of 8048149 and 151?
151
What is the highest common divisor of 4089 and 21150?
141
Calculate the greatest common factor of 9 and 556.
1
What is the greatest common factor of 45945 and 81?
9
What is the highest common divisor of 5400 and 63100?
100
What is the highest common factor of 3475 and 200?
25
Calculate the highest common divisor of 18631 and 2294.
31
What is the highest common factor of 1920 and 7960?
40
Calculate the greatest common factor of 1016821 and 65.
13
What is the greatest common factor of 1511 and 5?
1
What is the highest common factor of 510 and 401370?
510
What is the greatest common factor of 2230690 and 1078?
154
What is the greatest common divisor of 14491 and 86?
43
Calculate the highest common divisor of 71942 and 26.
26
What is the greatest common factor of 2128 and 11970?
266
Calculate the greatest common divisor of 15 and 19255.
5
Calculate the greatest common divisor of 7588 and 5516.
28
What is the highest common factor of 11304 and 3456?
72
Calculate the greatest common divisor of 43998 and 12.
6
Calculate the greatest common divisor of 61560 and 6555.
285
Calculate the greatest common divisor of 40 and 4250.
10
Calculate the highest common factor of 2261 and 266.
133
Calculate the greatest common divisor of 1852 and 72.
4
What is the greatest common divisor of 486 and 506412?
486
Calculate the greatest common factor of 475 and 10811.
19
Ca